q*l - 3098. Is l a composite number?
False
Suppose 0*m - m + 3*g + 105614 = m, -5*g = 0. Is m prime?
True
Let l be (((-18)/(-4))/(-3))/(1/(-6)). Suppose -2*s = 10, -o = -5*s + l*s + 17. Is (-1)/((-3)/17217*o) composite?
False
Suppose -3*f - 4*l + 84 = 0, -4*l - l = 0. Suppose -f = 5*v - 43. Suppose -v*g + 710 = -g. Is g a composite number?
True
Let n(a) = 153*a - 12. Let o(q) = 306*q - 25. Let f(g) = 5*n(g) - 3*o(g). Let u be f(-9). Let p = u + -479. Is p prime?
False
Suppose 6*a - 393 + 315 = 0. Suppose 25 = a*k - 8*k, 0 = 5*z + 3*k - 1385. Is z composite?
True
Suppose 6870351 + 324062 = 29*r + 167800. Is r prime?
False
Suppose -4*n + 156 = -j, 2*j - 28 - 2 = -n. Let a = 105 + 2. Let r = a - n. Is r a prime number?
False
Suppose 5*n + 3 = m, 0 = -2*m - 2*m - 8. Is n*3 - 958/(-1) prime?
False
Let g = -248620 - -426473. Is g composite?
True
Let h(j) = 294*j - 151. Let m be (5 - 0)*(9 - 7). Is h(m) a composite number?
False
Suppose 4*u - 5*w = 29, 0*w - 24 = -3*u + 3*w. Suppose -5*q - 1 = -11. Is q/u - (-196)/231*186 prime?
False
Let a = 36 - 26. Suppose 14 = 12*s - a. Suppose 495 = h - s*t, -3*h + 1008 + 482 = -t. Is h prime?
False
Let b = 688 + -1296. Let w be 3846*4/(-17 - -5). Let n = b - w. Is n prime?
False
Let j = 310 - 1652. Let n = -503 - j. Is n a prime number?
True
Suppose 5*g - 2*h = 3*h + 534990, -6*h + 320949 = 3*g. Is g a prime number?
True
Let u = -25490 - -35989. Is u composite?
False
Let n(c) = 247*c - 39. Suppose 4*q = -i - 32, -i - 3*i + 43 = -3*q. Let z be n(q). Is (6/(-4))/(9/z) a composite number?
True
Let x(g) be the first derivative of 8*g**5/15 + 5*g**3/6 - 4*g**2 - 27. Let j(v) be the second derivative of x(v). Is j(3) composite?
False
Let m(x) = -5*x**2 - 7*x + 1. Let l(o) = 7*o**2 + 6*o - 1. Let s(y) = 3*l(y) + 2*m(y). Suppose -20 = -4*f - f. Is s(f) composite?
False
Is 50012*((-5535)/12)/(-45) composite?
True
Let f = 800650 + -426683. Is f composite?
True
Suppose 38 = 3*n + 4*z + 9, -2*n + 2*z - 4 = 0. Suppose -7*b + n - 17 = 0. Is b + (-4 + 953 - -4) a prime number?
False
Let r = 134788 - 73479. Is r prime?
False
Let o(r) = 156*r**2 - 42*r + 59. Is o(-8) a composite number?
True
Let g = -4350 + 8244. Let s = g - 2692. Is s prime?
False
Let f(y) = 2*y**3 - 55*y**2 + 64*y - 84. Is f(43) a prime number?
False
Let w = 569239 + -391882. Is w a prime number?
False
Let x be 971 - (7 + (-1 - 0)). Suppose 0 = -3*r + x + 10372. Is r a prime number?
True
Let r(a) = 556*a**2 - 31*a - 645. Is r(-22) a composite number?
False
Suppose -3*f - 4*q - 124 = 0, -3*q + 28 - 205 = 4*f. Is f/10 + 5 - (-24376)/20 composite?
True
Suppose -3*q - 2*q = -3*k + 411, k - 2*q = 136. Suppose 4*j + 58 = 2*w, -2*j - 237*w = -239*w + 34. Is (2 - (-18)/j)*k prime?
True
Suppose -5*h - 798 = -2*b, -5*h + 5*b + 296 = -7*h. Let w = 141 - h. Is w prime?
False
Is (242301 - (-4 - -1)) + (-33 - -38) a composite number?
False
Let n be 6/4 + 9355/(-10)*-1. Suppose 5*l - 3*a + a = 4709, 0 = l + 2*a - n. Is l a prime number?
True
Suppose 156*z - 306*z - 934142 = -152*z. Is z a composite number?
True
Let o(f) = -1713*f**3 - 4*f**2 + 20*f + 82. Is o(-3) a composite number?
False
Suppose -7*u - u = -4264. Suppose -u = -q + l, -3*q + 5*l + 931 + 676 = 0. Is q a composite number?
True
Suppose 0 = -q - 3*k + 167723, 2*q + 3045*k = 3049*k + 335406. Is q composite?
False
Let v(h) = 2*h**3 - 60*h**2 - h + 33. Let o be v(30). Is (-2174)/o*(10 + 385/(-22)) a prime number?
False
Let q(b) = -539*b - 206*b - 8 + 96*b. Is q(-1) a composite number?
False
Suppose 3*r - 2187*i + 2185*i - 81975 = 0, i - 109322 = -4*r. Is r composite?
False
Let q(v) = 198*v**2 + 2*v + 9. Let d be q(5). Suppose 0 = -2*f - 0*k - 3*k + 1999, -2*k = -5*f + d. Suppose 41*x + f = 46*x. Is x composite?
False
Let z be ((-75)/50)/(6/16). Is 2*(0 - 614/z) a composite number?
False
Let y = -53723 - -185026. Is y composite?
False
Suppose 5 + 2 = u. Suppose -282 = o + u. Let b = 626 + o. Is b composite?
False
Suppose 37037 = a + m, -26*a + 22*a + 5*m = -148166. Is a a prime number?
True
Suppose -27 = -15*b + 3. Suppose 4*w - 10525 = -3*m, 3*m + w - 17553 = -b*m. Is m composite?
False
Let j(k) = -1144*k - 6. Let v be j(7). Suppose z + 15 = 6*z + 5*q, 5*q - 35 = 5*z. Is z - v/16 - 2/(-16) a prime number?
True
Let d(h) = 4*h**3 + 24*h**2 - 4. Let x be d(-6). Is (-7)/14*3 - 66602/x a composite number?
False
Let k(w) be the third derivative of 803*w**4/4 - 43*w**3/6 - 34*w**2. Is k(2) composite?
True
Suppose -5*b = -q + 325790, -5*q = -31 + 6. Is (-57)/(-152) + b/(-8) - -2 prime?
True
Suppose 0 = 9*i + 117 + 16875. Let y = -1215 - i. Is y a prime number?
True
Let f(j) = 14*j**3 - 190*j**2 - 17*j + 35. Is f(24) prime?
False
Suppose 0 = 5*q + 5*u - 220, -5*u = -3*q + 105 - 5. Let j = q + -41. Is -1 - j - (-466 + -12) prime?
False
Let p be (36/24)/((-6)/(-8)). Suppose -5*f + b + 361 = 0, 4*f + p*b - 202 - 98 = 0. Suppose -3*u + f - 7 = 0. Is u composite?
True
Is 6966 + -5 - 252/18 a composite number?
False
Let r(n) be the first derivative of n**4/4 + n**3 - 4*n**2 - 3*n + 23. Let c be r(-5). Let g(q) = 5*q**2 + 11*q - 17. Is g(c) prime?
False
Let z(w) = -4 - 42 + 14*w**2 - 9*w**3 - 13*w**2 - 6*w**3 - 6*w**3 + 11*w. Is z(-9) a prime number?
False
Let x = 111 + -63. Let p = 675 + x. Is p a composite number?
True
Suppose -14 = -17*h + 3. Is (-12196)/(-8)*2/h prime?
True
Let o = 114913 + 867. Is (-2)/(-3) - (5 + o/(-21)) composite?
True
Suppose 7 = 2*b + 5*j - 0, 2*j = -b + 6. Suppose 0 = -14*c + b*c - 8182. Is c composite?
False
Let w be (-41396)/12 - 2/(-3). Let m = w - -7486. Is m a prime number?
False
Suppose -3*w + 193 + 56 = 0. Let a(r) = 9*r - 141. Let u be a(17). Suppose c - w = -u. Is c prime?
True
Is (6/4)/((-65)/130) + 2936 a composite number?
True
Let z = 155454 - 72881. Is z composite?
True
Let a(w) be the second derivative of 3239*w**4/12 - w**3/6 - w**2/2 + 15*w. Let f be a(2). Is f/9 - 4/18 a prime number?
True
Let u(k) = 4607*k - 226. Is u(3) a prime number?
False
Suppose -243*w = 4*b - 238*w - 823567, -35 = -5*w. Is b composite?
False
Suppose -4*q + 69303 = 5*u, 0 = -19*u + 17*u + 2*q + 27714. Is u a prime number?
True
Suppose -6*b = -10*b + 56. Let u be (-4)/b - (8/(-28) + -2). Suppose -2*w - 5*o = -239, 301 = 4*w - u*o - 213. Is w a composite number?
False
Let r(j) be the third derivative of -8*j**6/5 + j**5/12 - j**4/3 - 9*j**3/2 - 3*j**2 - 5*j. Is r(-4) a composite number?
False
Suppose 4*j - 3*p - 351481 = -39665, -16 = 4*p. Is j prime?
True
Suppose 10313616 = 72*x - 22385461 - 24051971. Is x composite?
False
Suppose -30*v - 6879836 + 23492228 = -6105018. Is v a composite number?
False
Suppose 0 = -33*d + 16*d + 51. Is 8069/2*22/(d - -8) a composite number?
False
Suppose -81*f + 2432323 - 776602 = 0. Is f a composite number?
False
Let z(t) = -t**2 + 2*t + 145. Let y(g) = 4 - 2*g**2 + 3*g**2 - 8 + 0*g**2. Let k be y(-2). Is z(k) prime?
False
Let q(n) = 2978*n**2 - 55*n + 201. Is q(4) composite?
False
Is (16868/8)/((-94)/(-2444)) composite?
True
Let m(y) = y**3 - 3*y**2 - 7*y - 11. Let d be m(5). Suppose -d*s + 12892 = -14032. Is s composite?
True
Let b(t) = -6*t**3 - 23*t**2 + 213*t + 65. Is b(-33) a composite number?
False
Let v = 163718 + -110523. Is v a composite number?
True
Let h be (18/7)/((-3)/(-60 - 3)). Suppose h*t - 37790 = 44*t. Is t prime?
True
Suppose -8*j + 10*j = 6. Suppose 2*i + j*s = 12347, -4*i - 4*s + 26629 - 1929 = 0. Is i prime?
False
Suppose 8702 + 16973 = -5*s. Let p = 15384 + s. Is p prime?
False
Let v be -2 + 1/1 + (-44)/(-11). Suppose -2*c = 5*a - a - 14754, v*c = a - 3706. Is a prime?
True
Suppose 10*a - 292 = 258. Is 5 + (a/(-15)*-213 - 5) a prime number?
False
Let k = 1253 - 674. Suppose d - 4*a - k = -89, -d + 499 = -a. Is d prime?
False
Let u(t) = 679*t**2 - t**3 - 685*t**2 + 4 + 4*t + 6*t. Let y be u(-4). Let m = y + 751. Is m a composite number?
False
Suppose 14 - 6 = 3*u + 2*h, -4*u + 5*h = -3. Suppose -k + 3*j = -0*j - 3503, j + 6986 = u*k. Is k composite?
False
Let s(z) = 119*z**2 - 15*z + 37. Let u be s(11). Suppose -10*m + u = -37919. Is m a prime number?
False
Let i(x) be the third derivative of 53*x**5/30 - 5*x**4/24 + 40*x**3/3 + 125*x**2. Is i(-7) a composite number?
False
Let s(o) = 1853*o**3 - 3*o**2 + 3*o. Let q be s(1). Suppose 6*u - 4441 - q = 0. Is 